-475 + 476)?
0
0 - 2 - ((-2 - 1) + 3)
-2
Calculate 6 + -8 + 4 + -2.
0
What is the value of 6 - (6 - 2) - 2?
0
Evaluate -14 + 7 + 11 + 1.
5
Evaluate 4 + 1 - (10 - 8).
3
Evaluate -2 - (-3 + -6 + 4).
3
What is the value of -1 - (2 + 4 - (21 - 11))?
3
What is the value of -1 + (-4 - -3 - -3)?
1
Evaluate 14 + (10 - (5 - -12)).
7
(-1 - 1 - -2) + -1 - 2
-3
Calculate -35 + 32 - (-1 + (-4 - 1)).
3
Calculate -4 + 3 - 0 - 1 - 0.
-2
What is (-10 - -9) + -1 - -3?
1
Calculate 0 - (-1 - (5 - (-1 + 7))).
0
Calculate (10 + -10 - 0) + 1.
1
What is -4 + 0 + 11 + -7 + 2?
2
What is the value of -1 + 3 + (-16 - -12)?
-2
What is 30 - 33 - (1 + -1)?
-3
What is the value of 5 - (-3 - -3) - 4?
1
Evaluate 0 - -2 - 1 - 4.
-3
Evaluate 4 + (8 + -20 - -8) + -8.
-8
Evaluate 2 - -2 - (8 + -8).
4
Evaluate (3 - -1) + (0 - (4 + -1)).
1
-7 + (-4 - -3) + 3
-5
What is the value of (8 - 16) + 8 + (1 - 1)?
0
Evaluate -1 - (3 + 3 + -11 + 6).
-2
What is the value of -4 + (5 - -4 - 12)?
-7
What is -23 - -15 - (0 - 6)?
-2
0 + (-11 - -6 - -5)
0
(0 - 8) + 3 - -4
-1
Evaluate 59 + -59 - (-8 + 1).
7
What is 3 - 0 - (3 - 4)?
4
5 + (-1 - -2) + -4
2
0 - (2 + -5 + 6)
-3
Evaluate 1 + 11 - 6 - 8.
-2
What is (10 - (-2 - -3)) + -3?
6
What is 2 + 3 + (4 - (8 - -5))?
-4
What is the value of -14 + 3 - (-1 + -8)?
-2
What is 1 + -7 + 0 + (-1 - -3)?
-4
What is (0 - -3) + 4 + -7?
0
What is -7 + 10 - (0 - (0 + 0))?
3
2 + 1 - (36 - 28)
-5
What is the value of (5 - 8) + 3 - -4?
4
Evaluate (6 - (-4 - -7)) + 1 + 1.
5
Calculate 0 + -6 - ((11 - 4) + -9).
-4
(-2 - 2) + (-3 - -3)
-4
What is the value of 0 + (-1 - (-2 - 5)) + -1?
5
Evaluate -7 + 5 + -1 + 18 + -11.
4
Evaluate 0 - -2 - (3 + -2).
1
(4 - -1) + -5 + -1
-1
Calculate 12 - 2 - (2 - (2 - 6)).
4
What is (-6 - -2) + (5 - 4 - -9)?
6
Calculate -4 + 8 + -9 + 5.
0
Calculate -5 - (-5 + 1) - (1 - 3).
1
What is (8 + 4 - 13) + (0 - 3)?
-4
What is the value of 2 + (-4 - (0 - 2))?
0
Evaluate (-2 - (8 - 8)) + (4 - 3).
-1
What is the value of (11 - -1 - 14) + (-9 - -1)?
-10
What is the value of 4 + -4 - 0 - -1?
1
Calculate 8 - 2 - (-2 - -4).
4
-42 + 44 - (9 + -3 - -2)
-6
What is the value of (32 - 34) + (-3 - (1 - 2))?
-4
Calculate 1 + 3 + 1 - 2 - -3.
6
Calculate 0 + 0 + (-8 - -5) + 5.
2
What is the value of 1 - (8 + -5 - -2 - 10)?
6
What is -2 - (3 + (2 - 9) + 1)?
1
Calculate 11 - 8 - (1 + 5).
-3
8 - (-9 + 10 + 6)
1
Evaluate (-9 - (-24 + 17)) + 1 + -4.
-5
Evaluate 19 + -19 + 0 + -1 - -2.
1
Evaluate -8 - ((6 - 4) + -4 + -1).
-5
What is the value of -7 + (8 - 0) + -7?
-6
Calculate 1 + -2 + (-2 - -3 - 4).
-4
What is the value of -3 - ((-3 - -12) + -3 + -13)?
4
Calculate 15 - -1 - (120 + -111).
7
What is the value of 3 + (4 - 4) - 8?
-5
Evaluate (2 - -1) + 17 + -15.
5
What is the value of 2 + -3 + 0 + -1?
-2
Calculate (5 - 5) + 8 - (15 + -9).
2
(11 - 9) + -13 - -17
6
What is (-19 - (-20 - 1)) + -7 + 0?
-5
-1 + (-6 - -2) - (1 + -3)
-3
Evaluate (1 - -3) + (-3 - (1 + 2)).
-2
-4 + -2 + -1 + (-10 - -9)
-8
What is -7 + 7 + (4 - (1 - 0))?
3
Evaluate -7 + (19 - (17 + -7)).
2
What is -2 + -2 + (8 - 1) + -4?
-1
6 + (0 - 8) + 3 + 2
3
What is 9 - (-1 + 7) - (-1 + 0)?
4
Evaluate (2 - (-6 + 0) - -2) + 0.
10
Calculate 4 + (-4 - (-4 - -4)) + 3.
3
What is 33 - 39 - (-13 + 3)?
4
Calculate -10 + 7 + -3 + 3.
-3
Evaluate (18 - 4) + (9 - 17).
6
Calculate -2 + 3 - (1 + (3 - 0)).
-3
What is the value of -4 + -3 + (1 - 2) + 3?
-5
What is the value of (0 - -4) + (-1 - -1)?
4
(-5 - 1 - -4) + 4
2
Evaluate -3 - 1 - (18 - (-24 + 39)).
-7
What is -9 + 11 + (-6 - (-3 + 5))?
-6
3 + -2 - (3 - 0)
-2
Evaluate (0 - (4 - 2)) + 2.
0
Calculate -3 + (5 - 4) + 3 + -6.
-5
What is 3 + (-12 - (4 - 8))?
-5
-3 + 0 + (0 - -1)
-2
(5 - 1) + (-9 - -9) + -6
-2
What is (3 - 1) + -2 + -17 + 20?
3
(11 - (10 - 0)) + 5
6
What is -7 - (-2 + (-7 - -1))?
1
Evaluate 0 + 0 + 0 + -2 + 0.
-2
What is the value of 5 + 1 + -6 + -7 + 9?
2
Evaluate 11 - ((-1 - (-1 + -5)) + -4).
10
0 - (-1 - -5) - (14 - 16)
-2
Evaluate -3 - -1 - (4 - 7 - 3).
4
12 - 10 - (2 + -1)
1
Evaluate (-9 - -8) + (-3 - 1).
-5
What is -1 + -1 + -7 + (21 - 10)?
2
Evaluate 0 + -8 + -197 + 208.
3
0 + 0 - (-6 + 11 - 7)
2
Calculate 7 - (2 - -1 - (-15 + 19)).
8
Evaluate 2 - (3 - 0 - 3).
2
What is the value of 10 - 2 - 19 - (-2 - 3)?
-6
What is 13 - 8 - 3 - 1?
1
Evaluate 9 + -13 + -10 + 12.
-2
What is -15 - (2 + -4 + -3) - -5?
-5
What is 19 - 7 - (-4 - -7)?
9
Evaluate -1 - ((22 - 18) + (4 - 2)).
-7
Calculate 4 + (-1 - -1) + (9 - 8).
5
What is (2 - 0) + -4 - (-29 - -25)?
2
-1 - (-1 + 1 - (12 + -14))
-3
What is (-3 - (-6 + 5)) + 2?
0
What is the value of 21 - 14 - (1 + 5)?
1
What is -2 + 5 + (-5 - -10 - 5)?
3
-6 + (1 - (3 - -1))
-9
What is the value of -4 - (-6 - -2) - (3 - 2)?
-1
What is (4 + -3 - -2) + -6 + 2?
-1
Evaluate 2 + (-6 - -3 - -3).
2
What is the value of -1 + -3 + -2 + (11 - 7)?
-2
What is -10 - (3 - 3 - 5) - -4?
-1
Evaluate -14 + 6 + 14 + -6.
0
2 + (5 + -5 - 0)
2
Evaluate -1 + 2 + -6 + -7 + 18.
6
(2 - -1) + -5 + -4 + 0
-6
Evaluate (1 - (-3 + (10 - 1))) + 1.
-4
Evaluate (3 - 5) + -8 - (-3 - 2).
-5
What is 2 - (-2 + 3) - (13 - 7)?
-5
What is the value of (6 + -4 - 1) + -5?
-4
What is the value of 59 - 65 - (2 + -5 - 0)?
-3
Evaluate 2 + -7 + 6 + 5 - -1.
7
Calculate (8 - 7) + (-2 - (-5 + 3)).
1
Calculate 1 - 6 - (7 + (-9 - 3)).
0
Calculate (1 - 4) + 11 + -10.
-2
Evaluate -4 + 9 + -7 + 0 + 4.
2
Evaluate 0 + (4 - 3) - (0 - -6).
-5
What is the value of -4 + (-1 - (-1 + -1 - -1))?
-4
6 + -5 + 1 - 4
-2
What is 5 + (-14 + 9 - 6)?
-6
Calculate -3 - (-1 + 2 + 0).
-4
What is the value of -3 + (-8 - (-18 + 3))?
4
0 + 1 + 2 + -1 + -3
-1
What is the value of -4 + (1 - (-7 - -1)) + -5?
-2
Calculate 0 + 3 + (7 - 8).
2
(6 - 14) + (14 + -3 - 2)
1
-10 + 8 - 4 - -1
-5
What is 0 - (7 - 10) - (1 + -2)?
4
13 - (3 + (-1 - -11))
0
Calculate -3 - (2 - 11) - 3.
3
1 + -5 - (-3 - (3 + -6))
-4
4 - (0 + (11 - 0))
-7
-6 + 3 + 2 - 4
-5
What is 1 - -1 - (-4 + (0 - -6))?
0
What is the value of 2 + -2 + (2 - -3)?
5
Evaluate (0 - -3) + -8 + 9 + -8.
-4
What is 28 + -19 + (5 - 3 - 9)?
2
6 + -13 + (-5 - (0 - 13))
1
Calculate 1 - (12 + (7 - 5)) - -5.
-8
What is (-5 - (6 + -7)) + 3?
-1
Evaluate 5 - (3 - 3) - (32 - 28).
1
Calculate 0 - (-5 - (0 - 6)).
-1
What is the value of (6 + -22 - -8) + 12?
4
What is the value of 2 + -14 + 5 + 4?
-3
What is the value of -2 - (1 + 2 + (23 - 26))?
-2
What is -5 + (-8 - -3) + 15?
5
-2 - (-3 + -3 - -3 - -6)
-5
Calculate 46 + -39 - (5 + -4 + 2).
4
What is -1 + 1 - 14 - -9?
-5
What is 4 - 2 - (36 - 34)?
0
Calculate 6 + (-5 - 2) + 4.
3
Evaluate 6 - (-10 + 5 + 3) - 3.
5
(3 - 2) + (-2 - -1)
0
Calculate -10 + (-9 - -12) - -7.
0
What is the value of 2 - -4 - (-3 + 6)?
3
Calculate -5 - (19 + -25 - (-1 + -4)).
-4
-2 + (1 - -1) + -9 + 10
1
What is 0 + 3 + -2 + (-1 - 1)?
-1
Evaluate -1 - (1 + -2 + (1 - -1)).
-2
Evaluate (0 - -2 - 1) + (-6 - -8).
3
(-6 - 1) + (212 - 198)
7
Evaluate 12 - (7 - (2 + -2)).
5
What is 11 + 3 + -2 + -4?
8
What is 3 + -1 + (2 + 1 - 3)?
2
Evaluate 2 - (-4 - (2 - 12)).
-4
Evaluate -1 - (3 + (-5 - 1) + -2).
4
Calculate -13 + 17 - (1 + 0).
3
What is 1 + -1 + (-7 - (7 - 12))?
-2
Evaluate 5 - (-1 - (-2 + 1)).
5
What is the value of (-2 - (-12 + 0)) + 4 + -9?
5
Evaluate 4 - (-4 + 1 + -5 + 9).
3
What is the value of 2 + (-4 + 2 + -5 - 0)?
-5
Calculate (7 - 17) + 0 + 6.
-4
(8 - 7) + 1 - 5
-3
What is the value of (1 - -4) + (-66 - -52)?
-9
Calculate 3 - (0 + 7 + -6) - 0.
2
-1 - (-9 + 11) - 4
-7
What is the value of -8 - (16 - 10 - (22 + -1))?
7
Evaluate 6 - (4 - (-2 - -5)).
5
What is (-3 - (-8 + 4 + 1)) + 1?
1
What is 3 - (5 + (-1 + 0 - 3))?
2
What is the value of 3 + -5 + (-17 - -9)?
-10
What is the value of -10 - (-4 + (7 - 8))?
-5
Calculate 3 - 5 - (3 + -2) - 0.
-3
Evaluate (1 - -3) + (-7 - 2).
-5
What is -6 + 0 + (92 - 82)?
4
Calculate -1 - (-4 - (5 + -13)).
-5
What is 1 + -3 - 0 - -4?
2
0 + 4 + (-11 - -4)
-3
What is 3 + -13 + 4 - -1 - 0?
-5
What is the value of 12 + -8 + 4 + -14?
-6
What is the value of (9 - 16) + (7 - 2) + 7?
5
What is the value of 0 + 1 + (3 - (-2 - -4))?
2
What is (11 - 12) + 4 - (4 + -1)?
0
Calculate 2 + 5 + 0 + -3 + -1.
3
Calculate -3 - (-3 + (6 - 0) - 0).
-6
Calculate 7 + -3 + -1 + -4.
-1
Evaluate -65 + 71 + (0 - -1).
7
(3 - 7 - -2 - -4) + -5
-3
-6 + (11 + -5 - 3) + 0
-3
-3 + -8 - -4 - -7
0
Evaluate -6 + 3 + 4 - -4.
5
What is the value of 1 + 